{"id":7,"date":"2023-07-22T02:30:42","date_gmt":"2023-07-22T02:30:42","guid":{"rendered":"https:\/\/www.sembrandolasemilla.com\/?page_id=7"},"modified":"2026-04-14T04:09:43","modified_gmt":"2026-04-14T04:09:43","slug":"radio","status":"publish","type":"page","link":"https:\/\/www.sembrandolasemilla.com\/","title":{"rendered":"RADIO"},"content":{"rendered":"\t\t<div data-elementor-type=\"wp-page\" data-elementor-id=\"7\" class=\"elementor elementor-7\">\n\t\t\t\t\t\t\t\t\t<section class=\"elementor-section elementor-top-section elementor-element elementor-element-1113ca5 elementor-section-boxed elementor-section-height-default elementor-section-height-default\" data-id=\"1113ca5\" data-element_type=\"section\" data-settings=\"{&quot;background_background&quot;:&quot;classic&quot;}\">\n\t\t\t\t\t\t<div class=\"elementor-container elementor-column-gap-default\">\n\t\t\t\t\t<div class=\"elementor-column elementor-col-100 elementor-top-column elementor-element elementor-element-4206abb\" data-id=\"4206abb\" data-element_type=\"column\">\n\t\t\t<div class=\"elementor-widget-wrap elementor-element-populated\">\n\t\t\t\t\t\t\t\t<div class=\"elementor-element elementor-element-7df113e elementor-widget elementor-widget-image\" data-id=\"7df113e\" data-element_type=\"widget\" data-widget_type=\"image.default\">\n\t\t\t\t<div class=\"elementor-widget-container\">\n\t\t\t<style>\/*! elementor - v3.14.0 - 26-06-2023 *\/\n.elementor-widget-image{text-align:center}.elementor-widget-image a{display:inline-block}.elementor-widget-image a img[src$=\".svg\"]{width:48px}.elementor-widget-image img{vertical-align:middle;display:inline-block}<\/style>\t\t\t\t\t\t\t\t\t\t\t\t<img loading=\"lazy\" decoding=\"async\" width=\"1024\" height=\"577\" src=\"https:\/\/www.sembrandolasemilla.com\/wp-content\/uploads\/2023\/07\/WhatsApp-Image-2023-07-22-at-2.57.54-PM-1024x577.jpeg\" class=\"attachment-large size-large wp-image-47\" alt=\"\" srcset=\"https:\/\/www.sembrandolasemilla.com\/wp-content\/uploads\/2023\/07\/WhatsApp-Image-2023-07-22-at-2.57.54-PM-1024x577.jpeg 1024w, https:\/\/www.sembrandolasemilla.com\/wp-content\/uploads\/2023\/07\/WhatsApp-Image-2023-07-22-at-2.57.54-PM-300x169.jpeg 300w, https:\/\/www.sembrandolasemilla.com\/wp-content\/uploads\/2023\/07\/WhatsApp-Image-2023-07-22-at-2.57.54-PM-768x432.jpeg 768w, https:\/\/www.sembrandolasemilla.com\/wp-content\/uploads\/2023\/07\/WhatsApp-Image-2023-07-22-at-2.57.54-PM-1536x865.jpeg 1536w, https:\/\/www.sembrandolasemilla.com\/wp-content\/uploads\/2023\/07\/WhatsApp-Image-2023-07-22-at-2.57.54-PM.jpeg 1600w\" sizes=\"auto, (max-width: 1024px) 100vw, 1024px\" \/>\t\t\t\t\t\t\t\t\t\t\t\t\t\t\t<\/div>\n\t\t\t\t<\/div>\n\t\t\t\t\t<\/div>\n\t\t<\/div>\n\t\t\t\t\t\t\t<\/div>\n\t\t<\/section>\n\t\t\t\t<section class=\"elementor-section elementor-top-section elementor-element elementor-element-aa5ad18 elementor-section-boxed elementor-section-height-default elementor-section-height-default\" data-id=\"aa5ad18\" data-element_type=\"section\" data-settings=\"{&quot;background_background&quot;:&quot;classic&quot;}\">\n\t\t\t\t\t\t<div class=\"elementor-container elementor-column-gap-default\">\n\t\t\t\t\t<div class=\"elementor-column elementor-col-100 elementor-top-column elementor-element elementor-element-15ad0b6\" data-id=\"15ad0b6\" data-element_type=\"column\">\n\t\t\t<div class=\"elementor-widget-wrap elementor-element-populated\">\n\t\t\t\t\t\t\t\t<div class=\"elementor-element elementor-element-b8e09fd elementor-widget elementor-widget-html\" data-id=\"b8e09fd\" data-element_type=\"widget\" data-widget_type=\"html.default\">\n\t\t\t\t<div class=\"elementor-widget-container\">\n\t\t\t<div class=\"radio_player\" data-player-type=\"shortcode\"data-data=\"eyJpZCI6MSwidGl0bGUiOiJQbGF5ZXIgVGl0bGUiLCJzdGlja3kiOmZhbHNlLCJzdGF0dXMiOnRydWUsInNraW4iOiJza2luMiIsInN0YXRpb25zIjpbeyJ0aXRsZSI6IlJhZGlvIFNlbWJyYW5kbyBsYSBTZW1pbGxhIiwic3RyZWFtIjoiaHR0cHM6XC9cL2V2ZXJlc3RwYW5lbC5sb3djb3N0c3RyZWFtLmNvbTo1NTA2XC9zdHJlYW0iLCJ0aHVtYm5haWwiOiJodHRwczpcL1wvd3d3LnNlbWJyYW5kb2xhc2VtaWxsYS5jb21cL3dwLWNvbnRlbnRcL3BsdWdpbnNcL3JhZGlvLXBsYXllclwvYXNzZXRzXC9pbWFnZXNcL3BsYWNlaG9sZGVyLnBuZyJ9XSwicG9wdXBfaWNvbiI6ZmFsc2UsInBsYXlsaXN0X2ljb24iOmZhbHNlLCJoaXN0b3J5X2ljb24iOmZhbHNlLCJ2b2x1bWVfY29udHJvbCI6dHJ1ZSwicGxheWVyX3N0YXR1cyI6dHJ1ZSwic2hvd19hcnRpc3QiOmZhbHNlLCJzaG93X2FydHdvcmsiOmZhbHNlLCJwbGF5ZXJfdGV4dCI6Ikxpc3RlbiBMaXZlIiwid2lkdGgiOjM1MCwid2lkdGhfbW9iaWxlIjozMjAsImJvcmRlcl9yYWRpdXMiOjEwLCJiZ19jb2xvciI6IiM1NTgxQTQiLCJiZ19pbWFnZSI6Imh0dHBzOlwvXC93d3cuc2VtYnJhbmRvbGFzZW1pbGxhLmNvbVwvd3AtY29udGVudFwvcGx1Z2luc1wvcmFkaW8tcGxheWVyXC9hc3NldHNcL2ltYWdlc1wvcGxheWVyLWJnLnBuZyIsImJnX3R5cGUiOiJjb2xvciIsImNvbG9yX3R5cGUiOiJzb2xpZCIsInRleHRfY29sb3IiOiIjZmZmIiwiYm94X3NoYWRvdyI6dHJ1ZSwiYm94X3NoYWRvd19oIjowLCJib3hfc2hhZG93X3YiOjI1LCJib3hfc2hhZG93X2JsdXIiOjIwLCJib3hfc2hhZG93X3NwcmVhZCI6LTI1LCJib3hfc2hhZG93X2NvbG9yIjoicmdiYSgwLCAwLCAwLCAwLjQ1KSIsImJveF9zaGFkb3dfdHlwZSI6IiJ9\"><\/div>\t\t<\/div>\n\t\t\t\t<\/div>\n\t\t\t\t\t<\/div>\n\t\t<\/div>\n\t\t\t\t\t\t\t<\/div>\n\t\t<\/section>\n\t\t\t\t<section class=\"elementor-section elementor-top-section elementor-element elementor-element-fd7a7cb elementor-section-boxed elementor-section-height-default elementor-section-height-default\" data-id=\"fd7a7cb\" data-element_type=\"section\">\n\t\t\t\t\t\t<div class=\"elementor-container elementor-column-gap-default\">\n\t\t\t\t\t<div class=\"elementor-column elementor-col-100 elementor-top-column elementor-element elementor-element-b9db254\" data-id=\"b9db254\" data-element_type=\"column\">\n\t\t\t<div class=\"elementor-widget-wrap elementor-element-populated\">\n\t\t\t\t\t\t\t\t<div class=\"elementor-element elementor-element-c2f7d23 elementor-widget elementor-widget-text-editor\" data-id=\"c2f7d23\" data-element_type=\"widget\" data-widget_type=\"text-editor.default\">\n\t\t\t\t<div class=\"elementor-widget-container\">\n\t\t\t<style>\/*! elementor - v3.14.0 - 26-06-2023 *\/\n.elementor-widget-text-editor.elementor-drop-cap-view-stacked .elementor-drop-cap{background-color:#69727d;color:#fff}.elementor-widget-text-editor.elementor-drop-cap-view-framed .elementor-drop-cap{color:#69727d;border:3px solid;background-color:transparent}.elementor-widget-text-editor:not(.elementor-drop-cap-view-default) .elementor-drop-cap{margin-top:8px}.elementor-widget-text-editor:not(.elementor-drop-cap-view-default) .elementor-drop-cap-letter{width:1em;height:1em}.elementor-widget-text-editor .elementor-drop-cap{float:left;text-align:center;line-height:1;font-size:50px}.elementor-widget-text-editor .elementor-drop-cap-letter{display:inline-block}<\/style>\t\t\t\t<div id=\"dropdown-be0d0\" class=\"bcv d-container go2538389840\" role=\"button\" aria-expanded=\"false\" aria-haspopup=\"listbox\" aria-labelledby=\"dropdown-be0d0\"><div class=\"dropdown-display\"><div class=\"dropdown-display-text\"><strong>Marcos 16:15\u00a0 \u00a0 \u00a0<span style=\"font-size: 16px;\">Reina-Valera 1960\u00a0 \u00a0 <\/span><\/strong><\/div><div>\u00a0<\/div><div class=\"dropdown-display-text\"><strong style=\"font-size: 16px;\"><span id=\"es-RVR1960-24890\" class=\"text Mark-16-15\"><sup class=\"versenum\">15 <\/sup>Y les dijo: Id por todo el mundo y predicad el evangelio a toda criatura.<\/span><\/strong><\/div><\/div><\/div>\t\t\t\t\t\t<\/div>\n\t\t\t\t<\/div>\n\t\t\t\t\t<\/div>\n\t\t<\/div>\n\t\t\t\t\t\t\t<\/div>\n\t\t<\/section>\n\t\t\t\t<section class=\"elementor-section elementor-top-section elementor-element elementor-element-7166249a elementor-section-boxed elementor-section-height-default elementor-section-height-default\" data-id=\"7166249a\" data-element_type=\"section\" data-settings=\"{&quot;background_background&quot;:&quot;classic&quot;}\">\n\t\t\t\t\t\t<div class=\"elementor-container elementor-column-gap-default\">\n\t\t\t\t\t<div class=\"elementor-column elementor-col-50 elementor-top-column elementor-element elementor-element-54fe0cb5\" data-id=\"54fe0cb5\" data-element_type=\"column\">\n\t\t\t<div class=\"elementor-widget-wrap elementor-element-populated\">\n\t\t\t\t\t\t\t\t<section class=\"elementor-section elementor-inner-section elementor-element elementor-element-4429c53c elementor-section-boxed elementor-section-height-default elementor-section-height-default\" data-id=\"4429c53c\" data-element_type=\"section\">\n\t\t\t\t\t\t<div class=\"elementor-container elementor-column-gap-default\">\n\t\t\t\t\t<div class=\"elementor-column elementor-col-100 elementor-inner-column elementor-element elementor-element-6e21f204\" data-id=\"6e21f204\" data-element_type=\"column\">\n\t\t\t<div class=\"elementor-widget-wrap elementor-element-populated\">\n\t\t\t\t\t\t\t\t<div class=\"elementor-element elementor-element-653e8a22 elementor-invisible elementor-widget elementor-widget-image-carousel\" data-id=\"653e8a22\" data-element_type=\"widget\" data-settings=\"{&quot;slides_to_show&quot;:&quot;1&quot;,&quot;navigation&quot;:&quot;none&quot;,&quot;pause_on_hover&quot;:&quot;no&quot;,&quot;effect&quot;:&quot;fade&quot;,&quot;speed&quot;:800,&quot;_animation&quot;:&quot;fadeIn&quot;,&quot;_animation_delay&quot;:500,&quot;autoplay&quot;:&quot;yes&quot;,&quot;pause_on_interaction&quot;:&quot;yes&quot;,&quot;autoplay_speed&quot;:5000,&quot;infinite&quot;:&quot;yes&quot;}\" data-widget_type=\"image-carousel.default\">\n\t\t\t\t<div class=\"elementor-widget-container\">\n\t\t\t<style>\/*! elementor - v3.14.0 - 26-06-2023 *\/\n.elementor-widget-image-carousel .swiper,.elementor-widget-image-carousel .swiper-container{position:static}.elementor-widget-image-carousel .swiper-container .swiper-slide figure,.elementor-widget-image-carousel .swiper .swiper-slide figure{line-height:inherit}.elementor-widget-image-carousel .swiper-slide{text-align:center}.elementor-image-carousel-wrapper:not(.swiper-container-initialized):not(.swiper-initialized) .swiper-slide{max-width:calc(100% \/ var(--e-image-carousel-slides-to-show, 3))}<\/style>\t\t<div class=\"elementor-image-carousel-wrapper swiper\" dir=\"ltr\">\n\t\t\t<div class=\"elementor-image-carousel swiper-wrapper\" aria-live=\"off\">\n\t\t\t\t\t\t\t\t<div class=\"swiper-slide\" role=\"group\" aria-roledescription=\"slide\" aria-label=\"1 of 5\"><figure class=\"swiper-slide-inner\"><img decoding=\"async\" class=\"swiper-slide-image\" src=\"https:\/\/www.sembrandolasemilla.com\/wp-content\/uploads\/elementor\/thumbs\/rachel2-q9swpkzbowu560n4dl3yawp8lrykfqqipdx55h7hog.png\" alt=\"rachel2\" \/><\/figure><\/div><div class=\"swiper-slide\" role=\"group\" aria-roledescription=\"slide\" aria-label=\"2 of 5\"><figure class=\"swiper-slide-inner\"><img decoding=\"async\" class=\"swiper-slide-image\" src=\"https:\/\/www.sembrandolasemilla.com\/wp-content\/uploads\/elementor\/thumbs\/rachel3-q9sy5dv4c7r10de9vz7rpu3r68msn8dz5s8hageerk.png\" alt=\"rachel3\" \/><\/figure><\/div><div class=\"swiper-slide\" role=\"group\" aria-roledescription=\"slide\" aria-label=\"3 of 5\"><figure class=\"swiper-slide-inner\"><img decoding=\"async\" class=\"swiper-slide-image\" src=\"https:\/\/www.sembrandolasemilla.com\/wp-content\/uploads\/elementor\/thumbs\/rachel4-q9sy5ikbadxgmf7g4j8wkax255zmppwmufhwou7fwg.png\" alt=\"rachel4\" \/><\/figure><\/div><div class=\"swiper-slide\" role=\"group\" aria-roledescription=\"slide\" aria-label=\"4 of 5\"><figure class=\"swiper-slide-inner\"><img decoding=\"async\" class=\"swiper-slide-image\" src=\"https:\/\/www.sembrandolasemilla.com\/wp-content\/uploads\/elementor\/thumbs\/rachel5-q9sy5mbo1q2lwv1zikveu9ywiph3kibk6y3uly1v7k.png\" alt=\"rachel5\" \/><\/figure><\/div><div class=\"swiper-slide\" role=\"group\" aria-roledescription=\"slide\" aria-label=\"5 of 5\"><figure class=\"swiper-slide-inner\"><img decoding=\"async\" class=\"swiper-slide-image\" src=\"https:\/\/www.sembrandolasemilla.com\/wp-content\/uploads\/elementor\/thumbs\/rachel6-q9sy5ryp6qabuitslnb698jo30pauoxy7q0rhlti68.png\" alt=\"rachel6\" \/><\/figure><\/div>\t\t\t<\/div>\n\t\t\t\t\t\t\t\n\t\t\t\t\t\t\t\t\t<\/div>\n\t\t\t\t<\/div>\n\t\t\t\t<\/div>\n\t\t\t\t\t<\/div>\n\t\t<\/div>\n\t\t\t\t\t\t\t<\/div>\n\t\t<\/section>\n\t\t\t\t\t<\/div>\n\t\t<\/div>\n\t\t\t\t<div class=\"elementor-column elementor-col-50 elementor-top-column elementor-element elementor-element-49ae299b\" data-id=\"49ae299b\" data-element_type=\"column\">\n\t\t\t<div class=\"elementor-widget-wrap elementor-element-populated\">\n\t\t\t\t\t\t\t\t<div class=\"elementor-element elementor-element-c9f856e animated-fast elementor-invisible elementor-widget elementor-widget-heading\" data-id=\"c9f856e\" data-element_type=\"widget\" data-settings=\"{&quot;_animation&quot;:&quot;fadeInUp&quot;}\" data-widget_type=\"heading.default\">\n\t\t\t\t<div class=\"elementor-widget-container\">\n\t\t\t<style>\/*! elementor - v3.14.0 - 26-06-2023 *\/\n.elementor-heading-title{padding:0;margin:0;line-height:1}.elementor-widget-heading .elementor-heading-title[class*=elementor-size-]>a{color:inherit;font-size:inherit;line-height:inherit}.elementor-widget-heading .elementor-heading-title.elementor-size-small{font-size:15px}.elementor-widget-heading .elementor-heading-title.elementor-size-medium{font-size:19px}.elementor-widget-heading .elementor-heading-title.elementor-size-large{font-size:29px}.elementor-widget-heading .elementor-heading-title.elementor-size-xl{font-size:39px}.elementor-widget-heading .elementor-heading-title.elementor-size-xxl{font-size:59px}<\/style><h2 class=\"elementor-heading-title elementor-size-default\">Bienvenido<\/h2>\t\t<\/div>\n\t\t\t\t<\/div>\n\t\t\t\t<div class=\"elementor-element elementor-element-775bfede animated-fast elementor-invisible elementor-widget elementor-widget-text-editor\" data-id=\"775bfede\" data-element_type=\"widget\" data-settings=\"{&quot;_animation&quot;:&quot;fadeInUp&quot;}\" data-widget_type=\"text-editor.default\">\n\t\t\t\t<div class=\"elementor-widget-container\">\n\t\t\t\t\t\t\t<p>Dios bendiga tu vida, como ministerio de radio queremos acompa\u00f1arte en el d\u00eda a d\u00eda, con nuestra programaci\u00f3n.<\/p><p>Tenemos hermosas alabanzas, oraciones y la poderosa palabra del Se\u00f1or Jesucristo, que nos alienta el alma y fortalece nuestro esp\u00edritu.<\/p><p>Nuestra misi\u00f3n es cumplir la gran comisi\u00f3n de llevar el evangelio a toda criatura y nuestra visi\u00f3n es alcanzar hasta el ultimo lugar de la tierra a trav\u00e9s de nuestra se\u00f1al online, y sembrar la semilla en cada vida.<\/p><p>Rachel Codina- Directora<\/p>\t\t\t\t\t\t<\/div>\n\t\t\t\t<\/div>\n\t\t\t\t<div class=\"elementor-element elementor-element-578d7155 elementor-align-justify envato-kit-174-flex-btn animated-fast elementor-invisible elementor-widget elementor-widget-button\" data-id=\"578d7155\" data-element_type=\"widget\" data-settings=\"{&quot;_animation&quot;:&quot;fadeInUp&quot;}\" data-widget_type=\"button.default\">\n\t\t\t\t<div class=\"elementor-widget-container\">\n\t\t\t\t\t<div class=\"elementor-button-wrapper\">\n\t\t\t<a class=\"elementor-button elementor-button-link elementor-size-sm\" href=\"https:\/\/www.sembrandolasemilla.com\/index.php\/programas\/\">\n\t\t\t\t\t\t<span class=\"elementor-button-content-wrapper\">\n\t\t\t\t\t\t<span class=\"elementor-button-icon elementor-align-icon-right\">\n\t\t\t\t<i aria-hidden=\"true\" class=\"fas fa-long-arrow-alt-right\"><\/i>\t\t\t<\/span>\n\t\t\t\t\t\t<span class=\"elementor-button-text\">Programas<\/span>\n\t\t<\/span>\n\t\t\t\t\t<\/a>\n\t\t<\/div>\n\t\t\t\t<\/div>\n\t\t\t\t<\/div>\n\t\t\t\t\t<\/div>\n\t\t<\/div>\n\t\t\t\t\t\t\t<\/div>\n\t\t<\/section>\n\t\t\t\t\t\t\t<\/div>\n\t\t","protected":false},"excerpt":{"rendered":"<p>Marcos 16:15\u00a0 \u00a0 \u00a0Reina-Valera 1960\u00a0 \u00a0 \u00a015 Y les dijo: Id por todo el mundo y predicad el evangelio a toda criatura. Bienvenido Dios bendiga tu vida, como ministerio de radio queremos acompa\u00f1arte en el d\u00eda a d\u00eda, con nuestra programaci\u00f3n. Tenemos hermosas alabanzas, oraciones y la poderosa palabra del Se\u00f1or Jesucristo, que nos alienta &hellip;<\/p>\n<p class=\"read-more\"> <a class=\"\" href=\"https:\/\/www.sembrandolasemilla.com\/\"> <span class=\"screen-reader-text\">RADIO<\/span> Read More &raquo;<\/a><\/p>\n","protected":false},"author":1,"featured_media":0,"parent":0,"menu_order":0,"comment_status":"closed","ping_status":"closed","template":"","meta":{"site-sidebar-layout":"no-sidebar","site-content-layout":"page-builder","ast-global-header-display":"","ast-banner-title-visibility":"","ast-main-header-display":"","ast-hfb-above-header-display":"","ast-hfb-below-header-display":"","ast-hfb-mobile-header-display":"","site-post-title":"disabled","ast-breadcrumbs-content":"","ast-featured-img":"disabled","footer-sml-layout":"","theme-transparent-header-meta":"","adv-header-id-meta":"","stick-header-meta":"","header-above-stick-meta":"","header-main-stick-meta":"","header-below-stick-meta":"","footnotes":""},"class_list":["post-7","page","type-page","status-publish","hentry"],"_links":{"self":[{"href":"https:\/\/www.sembrandolasemilla.com\/index.php\/wp-json\/wp\/v2\/pages\/7","targetHints":{"allow":["GET"]}}],"collection":[{"href":"https:\/\/www.sembrandolasemilla.com\/index.php\/wp-json\/wp\/v2\/pages"}],"about":[{"href":"https:\/\/www.sembrandolasemilla.com\/index.php\/wp-json\/wp\/v2\/types\/page"}],"author":[{"embeddable":true,"href":"https:\/\/www.sembrandolasemilla.com\/index.php\/wp-json\/wp\/v2\/users\/1"}],"replies":[{"embeddable":true,"href":"https:\/\/www.sembrandolasemilla.com\/index.php\/wp-json\/wp\/v2\/comments?post=7"}],"version-history":[{"count":10,"href":"https:\/\/www.sembrandolasemilla.com\/index.php\/wp-json\/wp\/v2\/pages\/7\/revisions"}],"predecessor-version":[{"id":488,"href":"https:\/\/www.sembrandolasemilla.com\/index.php\/wp-json\/wp\/v2\/pages\/7\/revisions\/488"}],"wp:attachment":[{"href":"https:\/\/www.sembrandolasemilla.com\/index.php\/wp-json\/wp\/v2\/media?parent=7"}],"curies":[{"name":"wp","href":"https:\/\/api.w.org\/{rel}","templated":true}]}}